 the prime factors of 134989673.
7, 13, 17, 71, 1229
List the prime factors of 15980195.
5, 7, 11, 41507
What are the prime factors of 328825149?
3, 109608383
What are the prime factors of 535664255?
5, 7, 673, 22741
What are the prime factors of 4234342?
2, 7, 151, 2003
What are the prime factors of 28958997?
3, 41, 235439
What are the prime factors of 205279075?
5, 8211163
List the prime factors of 260819114.
2, 2557, 51001
List the prime factors of 230602717.
227, 1015871
List the prime factors of 491267962.
2, 197, 449, 2777
What are the prime factors of 121366782?
2, 3, 757, 2969
What are the prime factors of 1126566998?
2, 563283499
What are the prime factors of 6317892094?
2, 3373, 936539
List the prime factors of 1159975192.
2, 23, 6304213
What are the prime factors of 44157828?
2, 3, 11, 13, 25733
List the prime factors of 42495396.
2, 3, 149, 23767
What are the prime factors of 65603129?
73, 898673
What are the prime factors of 820578453?
3, 71, 587, 6563
What are the prime factors of 928374692?
2, 7, 17, 1950367
What are the prime factors of 378060078?
2, 3, 11, 1489, 3847
What are the prime factors of 44163442?
2, 22081721
List the prime factors of 40422257.
59, 685123
What are the prime factors of 1165848396?
2, 3, 2069, 46957
What are the prime factors of 193709792?
2, 29, 208739
What are the prime factors of 126110168?
2, 2633, 5987
What are the prime factors of 1063465397?
19, 55971863
What are the prime factors of 42519476?
2, 31, 342899
List the prime factors of 42401728.
2, 662527
List the prime factors of 5558553155.
5, 17, 1667, 39229
List the prime factors of 24035850.
2, 3, 5, 31, 1723
What are the prime factors of 257613528?
2, 3, 2417, 4441
What are the prime factors of 619221693?
3, 1031, 200201
What are the prime factors of 232683088?
2, 11, 23, 47, 1223
List the prime factors of 28703386.
2, 79, 181667
What are the prime factors of 26451321?
3, 13, 43, 15773
What are the prime factors of 52595604?
2, 3, 1460989
List the prime factors of 497889371.
7, 29, 241, 10177
List the prime factors of 4890698349.
3, 2129, 765727
What are the prime factors of 143213739?
3, 5167, 9239
List the prime factors of 17044318.
2, 8522159
List the prime factors of 153717854.
2, 76858927
List the prime factors of 49555689.
3, 53, 227, 1373
What are the prime factors of 6144741?
3, 8429
What are the prime factors of 104250914?
2, 3517, 14821
What are the prime factors of 231636635?
5, 719, 64433
List the prime factors of 9511510.
2, 5, 951151
What are the prime factors of 703745031?
3, 11, 21325607
List the prime factors of 279406621.
13, 21492817
List the prime factors of 1187527603.
43, 1597, 17293
List the prime factors of 78775197.
3, 19, 1382021
What are the prime factors of 972856744?
2, 121607093
List the prime factors of 206086105.
5, 41217221
List the prime factors of 174684234.
2, 3, 197, 147787
What are the prime factors of 1543574180?
2, 5, 409, 188701
What are the prime factors of 448556469?
3, 3001, 49823
List the prime factors of 166216500.
2, 3, 5, 43, 859
What are the prime factors of 382464004?
2, 13, 47, 156491
What are the prime factors of 422763634?
2, 107, 157, 12583
What are the prime factors of 6249366246?
2, 3, 3079, 338279
List the prime factors of 1525774063.
11, 127, 99289
List the prime factors of 4602663872.
2, 79, 197, 4621
What are the prime factors of 131077199?
11, 37, 322057
What are the prime factors of 9591092499?
3, 3197030833
List the prime factors of 169882623.
3, 23, 71, 3853
What are the prime factors of 942022788?
2, 3, 7, 919, 12203
List the prime factors of 1104455040.
2, 3, 5, 13, 44249
What are the prime factors of 107315270?
2, 5, 2239, 4793
List the prime factors of 875338379.
19, 97, 293, 1621
What are the prime factors of 513164794?
2, 449, 571453
What are the prime factors of 1245309766?
2, 622654883
List the prime factors of 679181713.
7, 6521, 14879
What are the prime factors of 485671285?
5, 11, 367, 24061
List the prime factors of 3994872711.
3, 79, 229, 73607
List the prime factors of 56535331.
139, 406729
What are the prime factors of 1407634444?
2, 351908611
List the prime factors of 43507953.
3, 4834217
List the prime factors of 247892170.
2, 5, 151, 181, 907
List the prime factors of 727617021.
3, 242539007
What are the prime factors of 1206108593?
1206108593
List the prime factors of 53392167.
3, 1163, 5101
List the prime factors of 348745611.
3, 499, 232963
What are the prime factors of 47206049?
11, 1049, 4091
What are the prime factors of 116576538?
2, 3, 13, 114967
What are the prime factors of 3158084089?
6133, 514933
What are the prime factors of 4022725020?
2, 3, 5, 59, 1136363
List the prime factors of 392247207.
3, 11, 3962093
List the prime factors of 382229733.
3, 569, 223919
What are the prime factors of 1763668130?
2, 5, 7, 137, 183907
List the prime factors of 61157492.
2, 11, 1389943
What are the prime factors of 2718774998?
2, 29, 1831, 25601
List the prime factors of 119254711.
17, 7014983
List the prime factors of 6211210.
2, 5, 269, 2309
List the prime factors of 447391888.
2, 73, 383041
List the prime factors of 109667272.
2, 11, 13, 17, 5639
List the prime factors of 49418997.
3, 43, 101, 3793
List the prime factors of 332318713.
463, 717751
What are the prime factors of 3830028362?
2, 17, 31, 3633803
List the prime factors of 566203474.
2, 5431, 52127
List the prime factors of 25579874.
2, 1291, 9907
List the prime factors of 22792929.
3, 7597643
What are the prime factors of 516239682?
2, 3, 7, 43, 197, 1451
What are the prime factors of 1595382960?
2, 3, 5, 853, 7793
What are the prime factors of 1184161656?
2, 3, 17, 2902357
List the prime factors of 2651457293.
61, 43466513
List the prime factors of 954996549.
3, 13, 24487091
What are the prime factors of 42351796?
2, 10587949
What are the prime factors of 13911567?
3, 4637189
What are the prime factors of 2468731057?
13, 37, 5132497
List the prime factors of 832886328.
2, 3, 34703597
List the prime factors of 268605810.
2, 3, 5, 11, 181, 1499
What are the prime factors of 96814725?
3, 5, 7, 184409
List the prime factors of 173031521.
13, 41, 324637
What are the prime factors of 76074708?
2, 3, 19, 23, 89, 163
What are the prime factors of 1627546383?
3, 180838487
What are the prime factors of 469840675?
5, 18793627
List the prime factors of 230051778.
2, 3, 11, 3485633
List the prime factors of 483318961.
163, 2965147
What are the prime factors of 39230991?
3, 19, 61, 3761
List the prime factors of 47897734.
2, 29, 59, 13997
List the prime factors of 398364178.
2, 67, 89, 33403
What are the prime factors of 168125942?
2, 8563, 9817
What are the prime factors of 133397170?
2, 5, 2969, 4493
What are the prime factors of 882907424?
2, 7, 3941551
What are the prime factors of 568893900?
2, 3, 5, 1896313
List the prime factors of 113703882.
2, 3, 18950647
What are the prime factors of 1198216178?
2, 599108089
What are the prime factors of 847447879?
8363, 101333
What are the prime factors of 346981516?
2, 7, 12392197
List the prime factors of 461078980.
2, 5, 137, 168277
List the prime factors of 206698036.
2, 17, 19, 157, 1019
List the prime factors of 1201642257.
3, 173, 211, 10973
What are the prime factors of 146765137?
127, 1155631
List the prime factors of 92756607.
3, 17, 787, 2311
List the prime factors of 3513810949.
11, 12401, 25759
List the prime factors of 708531102.
2, 3, 31, 107, 11867
What are the prime factors of 2936471?
439, 6689
What are the prime factors of 43003958?
2, 113, 190283
What are the prime factors of 9256551604?
2, 2314137901
List the prime factors of 40731427.
11, 31, 119447
What are the prime factors of 1796145159?
3, 598715053
List the prime factors of 123199621.
123199621
List the prime factors of 1064134057.
7, 17, 179, 49957
List the prime factors of 73242841.
7, 2473, 4231
List the prime factors of 111793290.
2, 3, 5, 7, 532349
What are the prime factors of 5768163820?
2, 5, 1013, 284707
List the prime factors of 35852430.
2, 3, 5, 19, 31, 2029
What are the prime factors of 175343237?
23, 7623619
List the prime factors of 26837071.
239, 112289
What are the prime factors of 107500979?
17, 6323587
What are the prime factors of 323950631?
173, 1872547
What are the pr